git of 482506?
5
What is the units digit of 145432?
2
What is the units digit of 18074111?
1
What is the units digit of 79281?
1
What is the tens digit of 41964?
6
What is the tens digit of 1829678?
7
What is the units digit of 1413619?
9
What is the units digit of 85820?
0
What is the millions digit of 15055831?
5
What is the thousands digit of 1250548?
0
What is the hundred thousands digit of 590900?
5
What is the ten millions digit of 13881263?
1
What is the ten millions digit of 30944921?
3
What is the hundred thousands digit of 918396?
9
What is the hundred thousands digit of 1071321?
0
What is the units digit of 15898?
8
What is the hundred thousands digit of 1313184?
3
What is the tens digit of 17239921?
2
What is the tens digit of 79740?
4
What is the tens digit of 495608?
0
What is the hundreds digit of 235941?
9
What is the hundred thousands digit of 375384?
3
What is the ten thousands digit of 1499611?
9
What is the hundreds digit of 176930?
9
What is the hundreds digit of 1921170?
1
What is the units digit of 19709999?
9
What is the millions digit of 1710397?
1
What is the units digit of 139464?
4
What is the units digit of 97549?
9
What is the thousands digit of 1707190?
7
What is the hundreds digit of 33369235?
2
What is the hundreds digit of 9267807?
8
What is the ten thousands digit of 14612694?
1
What is the millions digit of 1509370?
1
What is the hundreds digit of 1430168?
1
What is the ten thousands digit of 510535?
1
What is the thousands digit of 651323?
1
What is the units digit of 2336768?
8
What is the ten thousands digit of 1059645?
5
What is the ten thousands digit of 3028533?
2
What is the tens digit of 194531?
3
What is the hundreds digit of 1347436?
4
What is the millions digit of 5588021?
5
What is the units digit of 1246183?
3
What is the ten thousands digit of 4090241?
9
What is the hundreds digit of 17317883?
8
What is the millions digit of 1032017?
1
What is the units digit of 65746?
6
What is the hundreds digit of 5417530?
5
What is the units digit of 141625?
5
What is the thousands digit of 1352377?
2
What is the units digit of 78818?
8
What is the hundred thousands digit of 7907541?
9
What is the hundreds digit of 155064?
0
What is the units digit of 102662?
2
What is the hundred thousands digit of 2084628?
0
What is the thousands digit of 254906?
4
What is the hundreds digit of 233645?
6
What is the ten thousands digit of 10508?
1
What is the tens digit of 41316972?
7
What is the tens digit of 20449564?
6
What is the tens digit of 1528302?
0
What is the hundreds digit of 505760?
7
What is the millions digit of 16503414?
6
What is the hundreds digit of 591806?
8
What is the tens digit of 992830?
3
What is the units digit of 235406?
6
What is the ten thousands digit of 4430488?
3
What is the tens digit of 150941?
4
What is the thousands digit of 38309?
8
What is the thousands digit of 59182?
9
What is the ten thousands digit of 4715115?
1
What is the hundreds digit of 896767?
7
What is the tens digit of 9874393?
9
What is the tens digit of 153764?
6
What is the thousands digit of 700694?
0
What is the ten thousands digit of 121458?
2
What is the units digit of 28328316?
6
What is the thousands digit of 526277?
6
What is the units digit of 14492152?
2
What is the millions digit of 9189145?
9
What is the hundreds digit of 4277242?
2
What is the thousands digit of 185540?
5
What is the hundred thousands digit of 1169404?
1
What is the units digit of 342935?
5
What is the tens digit of 2124550?
5
What is the tens digit of 222670?
7
What is the hundred thousands digit of 3143528?
1
What is the thousands digit of 2925578?
5
What is the hundred thousands digit of 206432?
2
What is the hundred thousands digit of 766285?
7
What is the hundred thousands digit of 25100909?
1
What is the hundred thousands digit of 8055788?
0
What is the ten thousands digit of 991617?
9
What is the hundred thousands digit of 389090?
3
What is the ten thousands digit of 846111?
4
What is the tens digit of 26620116?
1
What is the hundreds digit of 198653?
6
What is the thousands digit of 3880769?
0
What is the units digit of 15179203?
3
What is the tens digit of 12302487?
8
What is the millions digit of 2973863?
2
What is the hundreds digit of 491906?
9
What is the thousands digit of 609069?
9
What is the hundreds digit of 1598887?
8
What is the hundred thousands digit of 195233?
1
What is the hundreds digit of 619169?
1
What is the hundreds digit of 4706276?
2
What is the units digit of 19702123?
3
What is the hundreds digit of 10713608?
6
What is the hundreds digit of 719354?
3
What is the hundreds digit of 2254458?
4
What is the ten millions digit of 11726489?
1
What is the ten thousands digit of 3597461?
9
What is the ten thousands digit of 297665?
9
What is the thousands digit of 13792771?
2
What is the hundreds digit of 228639?
6
What is the units digit of 359294?
4
What is the units digit of 749706?
6
What is the tens digit of 75780?
8
What is the hundreds digit of 352687?
6
What is the hundred thousands digit of 9659518?
6
What is the units digit of 301031?
1
What is the ten thousands digit of 836179?
3
What is the tens digit of 108374?
7
What is the millions digit of 19587325?
9
What is the hundreds digit of 643637?
6
What is the ten thousands digit of 5378312?
7
What is the ten millions digit of 12508472?
1
What is the ten millions digit of 13312705?
1
What is the hundred thousands digit of 12788093?
7
What is the hundred thousands digit of 767667?
7
What is the ten thousands digit of 6356784?
5
What is the tens digit of 4423511?
1
What is the hundreds digit of 325261?
2
What is the hundred thousands digit of 321588?
3
What is the thousands digit of 16069?
6
What is the millions digit of 1132885?
1
What is the hundreds digit of 80437?
4
What is the thousands digit of 7391290?
1
What is the ten thousands digit of 181198?
8
What is the tens digit of 242911?
1
What is the hundred thousands digit of 726355?
7
What is the thousands digit of 9449459?
9
What is the thousands digit of 3657555?
7
What is the thousands digit of 173079?
3
What is the hundreds digit of 102462?
4
What is the thousands digit of 500577?
0
What is the units digit of 3584207?
7
What is the hundred thousands digit of 494585?
4
What is the ten millions digit of 14318930?
1
What is the tens digit of 1160630?
3
What is the hundreds digit of 15562143?
1
What is the units digit of 2538818?
8
What is the units digit of 961042?
2
What is the thousands digit of 18991?
8
What is the thousands digit of 769550?
9
What is the ten thousands digit of 606179?
0
What is the hundred thousands digit of 1421452?
4
What is the ten thousands digit of 1563012?
6
What is the units digit of 3787920?
0
What is the units digit of 5783969?
9
What is the millions digit of 15321279?
5
What is the ten thousands digit of 3821902?
2
What is the hundred thousands digit of 182919?
1
What is the units digit of 5810166?
6
What is the thousands digit of 101513?
1
What is the thousands digit of 1858192?
8
What is the ten thousands digit of 709236?
0
What is the thousands digit of 20420835?
0
What is the hundreds digit of 526637?
6
What is the ten millions digit of 14567708?
1
What is the units digit of 529230?
0
What is the ten thousands digit of 870844?
7
What is the millions digit of 5194503?
5
What is the tens digit of 442571?
7
What is the thousands digit of 13390?
3
What is the thousands digit of 2530785?
0
What is the hundred thousands digit of 108212?
1
What is the hundreds digit of 17915268?
2
What is the thousands digit of 151580?
1
What is the hundreds digit of 787207?
2
What is the thousands digit of 465678?
5
What is the ten thousands digit of 170133?
7
What is the tens digit of 27293?
9
What is the hundreds digit of 536915?
9
What is the thousands digit of 10874277?
4
What is the millions digit of 1295647?
1
What is the ten thousands digit of 8137264?
3
What is the thousands digit of 1085253?
5
What is the hundreds digit of 174118?
1
What is the tens digit of 20959679?
7
What is the millions digit of 1221809?
1
What is the units digit of 671540?
0
What is the ten thousands digit of 688890?
8
What is the millions digit of 4092546?
4
What is the hundred thousands digit of 2278418?
2
W